the units digit of s(-3)?
6
Suppose 11*l = -7*l + 486. What is the units digit of l?
7
Let x(b) = -b**3 + 9*b**2 + 14*b - 9. What is the tens digit of x(9)?
1
Let j = 42 + -13. What is the tens digit of 3/(3/j) - -1?
3
Suppose -4*w = 5*k + 3, 2*w + 3 = 5*k + 3*w. Let d = 10 - 7. Suppose -k = d*p - 7. What is the units digit of p?
2
Let d = 7 + 0. Let h(n) = n + 5. What is the tens digit of h(d)?
1
Suppose -b + 2*i + 3*i = 59, 5*i = -5*b - 145. Let w = b + 56. What is the tens digit of w?
2
Let a(l) = 0*l**2 + 4 + 1 - 3 - l**2 - 5*l. Let s be a(-5). Suppose -7 = -s*k + 15. What is the tens digit of k?
1
Suppose 2 = 3*h - 61. What is the tens digit of h?
2
Suppose -b = b. Suppose b = o - 1 - 3. Suppose y = 5*y - o. What is the units digit of y?
1
Suppose 3*n - 6*n + 15 = 0, 2*n = 5*g - 165. What is the units digit of g?
5
Let y(a) = -a**3 - 5*a**2 - 5*a + 1. Suppose -q - 7 = g, 3*g = -g + 4*q - 4. What is the units digit of y(g)?
5
Let o(v) = -2*v**3 + 2*v**2 + 3*v - 2. Let c be o(3). Let k = 59 + c. What is the units digit of k?
0
Let a = -6 + 11. What is the units digit of a?
5
Let o be 60/(-27) + 2/9. Let a be 0*((-6)/(-3) + -1). What is the units digit of 9 - (o + 1 + a)?
0
Suppose -49 - 7 = 4*a. What is the units digit of (15/(-6))/(1/a)?
5
Suppose -n + 5 = -0*n. Suppose o - 2 - n = 0. Suppose z + o = h + 4*z, h + 4*z = 8. What is the units digit of h?
4
Let w(o) be the second derivative of o**3/2 + 7*o**2 - o. What is the units digit of w(8)?
8
Suppose -q - q + 2*o = -18, -2*q + 6 = 2*o. Let s = q - -4. What is the units digit of s?
0
Let o(p) be the first derivative of -19*p**4/4 + p**2/2 - 1. Let q be o(-1). Suppose -b - b + q = 0. What is the units digit of b?
9
Suppose -2*z + 48 = -3*g, 0 = -2*z - 4*g + 20. Suppose 5*m = -3*h - 65, -3*h - 2*m - z - 53 = 0. What is the tens digit of 154/10 - (-10)/h?
1
Suppose -p + 19 = 2*i, -3*p - 20 = -5*p + 5*i. Let z = -6 - -3. Let q = z + p. What is the tens digit of q?
1
Suppose 9 = m + 2*c, 6*m + 3*c = 3*m + 30. What is the units digit of m?
1
Suppose 3*q + 16 = 103. What is the tens digit of q?
2
Let x be 2/(-4)*7*-2. Suppose 2*w = x*w - 50. What is the tens digit of w?
1
Let t = -15 - -21. Suppose 6 = 2*i - t. What is the units digit of i?
6
Suppose -80 = 5*b - 10*b. What is the tens digit of b?
1
Let u(q) = 9*q - 1. Suppose a + a - 38 = 0. Suppose 4*z + 4 = -2*b, z + a = -0*z - 5*b. What is the units digit of u(z)?
8
Suppose -5*s + 25 = 5. Suppose -3*i = -6*t + 2*t - 55, s = -t. What is the tens digit of i?
1
Let p = 16 - 16. Let s be (2 + 2)/(0 + 2). Suppose p = a - 1 - s. What is the units digit of a?
3
Let l(f) = 22*f - 11. What is the tens digit of l(5)?
9
Suppose -4*t = -7*j + 2*j + 625, 5*j - 620 = 3*t. What is the hundreds digit of j?
1
Suppose 0 = -2*j - j + 195. What is the units digit of j?
5
Let r be 1/(-5) + 486/30. Let m = 0 + r. What is the tens digit of m?
1
What is the units digit of (-2)/(16/20 + 604/(-730))?
3
What is the units digit of (-68)/(-12) - 3/(-9)?
6
What is the tens digit of 3 - 763/(-4) - 5/(-20)?
9
Let d(a) = -a**2 + 7*a - 2. Let v be d(6). Suppose -v*q + 51 = -13. What is the tens digit of q?
1
Let o(p) = -p**3 + 7*p**2 + 8*p - 7. What is the units digit of o(7)?
9
Suppose -m = 2*m - 6. Suppose 0*i - 2*v - 6 = i, -m*i + 23 = -3*v. What is the units digit of i?
4
What is the tens digit of 4/(-10) + 1491/15?
9
Let u = -3 - -17. What is the tens digit of u?
1
Let g(m) = -m + 6. Let r = -2 + 2. Suppose 7 = 3*p - r*p - 4*s, 6 = 3*s. What is the units digit of g(p)?
1
What is the units digit of 215/2 - 7/14?
7
Suppose -2 = -t - 0*t. Suppose 2*p - 10 = t. What is the units digit of p?
6
Let z(n) = 3*n - 25. Let r be z(11). What is the tens digit of r/10*(10 + 20)?
2
Suppose 7*o = 2*o + z + 27, 5*z - 33 = -3*o. What is the tens digit of 50/4 - (-3)/o?
1
Suppose 16 = 3*o + x, 2*x + 0*x - 2 = 0. Suppose 24*d - 18 = 22*d. Let n = d - o. What is the units digit of n?
4
Suppose 5*t - 138 = 92. What is the tens digit of t?
4
Let g = 19 + -9. Suppose 3*u - 14 = f + 5*u, -f + 4*u = -g. What is the units digit of ((-2)/f*3)/1?
1
Let a(h) = -5*h + 5. Let t(c) = -9*c + 9. Let n(p) = 7*a(p) - 4*t(p). Let r be n(5). Suppose -2*l = -r - 2. What is the units digit of l?
3
Suppose -2*b = -4*b - 10. Let n(o) = -o**2 - 7*o - 5. What is the units digit of n(b)?
5
Let w(y) = y - 5. Suppose 0 = 3*r + 2*t - 29, 3*r - t = 6*r - 25. Let s be w(r). Suppose s*m - 6 + 0 = 0, -2*d = 5*m - 57. What is the units digit of d?
1
Suppose -4*y + 2*n + 21 = -43, y + 4*n + 2 = 0. Suppose c + 11 = y. What is the units digit of c?
3
Suppose -4*p + 43 = 3. What is the units digit of p?
0
Let g be (-8)/2 + 1 + 2. What is the units digit of 15 - g - (-5 + 4)?
7
Suppose 8 = 3*z + 5*y, z = -y + 2*y. What is the units digit of z?
1
Let c be 21 + -3 - (-9)/(-3). Suppose -3*d = -v + c, 0 = -3*v - 7*d + 4*d + 69. What is the units digit of v?
1
Let f(q) = q + 9. Let s be f(-9). Let p = s + 0. What is the units digit of 2*(6/3 - p)?
4
Let y(j) be the first derivative of 2 + 8*j - 1/2*j**2. What is the units digit of y(4)?
4
Let x(q) = q**3 - 3*q**2 + 3*q - 2. Let i be x(2). Let u be (-2 - -3)/((-1)/(-4)). Suppose p - u = -i*p. What is the units digit of p?
4
What is the tens digit of 22/(-99) - 7242/(-27)?
6
Suppose 8*c - 4605 = -7*c. What is the hundreds digit of c?
3
Let z(j) = -4*j + 130. What is the hundreds digit of z(0)?
1
Let p(s) = s**3 + 8*s**2 - 9*s + 5. Let x be p(-8). Let n = x - 32. What is the units digit of n?
5
Let a(k) = k**2 - k + 2 - 2*k - 2*k. Let g be a(3). Let z = g + 7. What is the units digit of z?
3
Let u(v) be the second derivative of v**3/3 - 3*v**2/2 - 2*v. What is the units digit of u(5)?
7
Suppose -5*w + 71 = 4*h, -3 - 7 = 2*w. Suppose -h = -a - 0*a. What is the units digit of a?
4
Suppose 5*j = 7 + 3. Suppose 0 = 4*y + 4*f - 8, -j*y + 10 = 3*f + 2*f. Suppose y = i + 3*i - 20. What is the units digit of i?
5
Let m = 149 + 19. Suppose 3*z = 5*p - 86, -4*z - m = 3*p + p. Let i = -25 - z. What is the units digit of i?
2
Let r(j) = -2*j**3 - 4*j**2 + j - 3. Let y(o) = o**3 - o**2 + 1. Let k(d) = -r(d) - y(d). Let g = 1 + -6. What is the units digit of k(g)?
7
Let l = 749 + -529. What is the units digit of l?
0
Suppose -4*q + 3*q + 2*t + 12 = 0, 0 = 2*q + 5*t - 6. Suppose 2*p = -2*p + q. What is the units digit of p?
2
Let q(t) = -1 + 4 - 3 - t. What is the units digit of q(-1)?
1
Suppose 0 = -2*k + 18 - 2. What is the units digit of k?
8
Let j(o) = 24*o**3 + o. Let y be j(1). Let z = y - 6. Let f = z - 13. What is the units digit of f?
6
Let u = -243 - -356. What is the tens digit of u?
1
What is the tens digit of 3740/99 + (-2)/(-9)?
3
What is the tens digit of (-56)/(2/(-6)*3)?
5
Let l = 8 + -3. Suppose 3*k - 5*h + 8 = k, l*k = -5*h + 50. What is the units digit of (-3)/k*0 + 2?
2
What is the units digit of ((-36)/(-8))/(5/70)?
3
Suppose -2*c - 3*r = -4*c + 7, 4*c = 4*r + 16. Let j = 16 + c. What is the units digit of j?
1
Suppose 0 = -2*c - 16 - 4. What is the tens digit of c/(-3)*9/3?
1
Let u be 3/3 + 0 + 1. Let l(x) = -2*x - u*x + 4 + 3*x. What is the units digit of l(0)?
4
Suppose -5*j + 8 = -17. Suppose 82 = j*g + 17. What is the units digit of g?
3
Suppose 3*q = 3*o - 24, -3*o = -4*q - 23 - 5. Let s be -3*(0 - (-2)/(-6)). Suppose -o*t = -y - 8, -5*t - s = -y - 12. What is the units digit of y?
4
Let o = -1 + 4. What is the units digit of o?
3
Let d be (-1)/(-1 - 4/(-6)). Suppose 0 = 4*k - 7*k + 6. Suppose -d*s - k*i = -33, -s - 15 = -3*s + i. What is the units digit of s?
9
Suppose -5 = 3*k - 5*c, 2*k - 5*c = -0*k. What is the units digit of 20/8*(-16)/k?
8
Let w = 5 + -1. Suppose -7*r = -w*r - 63. What is the units digit of r?
1
Suppose 3*b - 4*l - 128 = 0, -b + 57 - 1 = 2*l. What is the units digit of b?
8
Let z be (0 - 12)/(-1) + -2. Let a be (10/25)/(2/z). Suppose a*f - f - 4 = 0. What is the units digit of f?
4
Suppose 62 = 3*u - 10. Let h = u + -14. What is the tens digit of h?
1
Let n(b) = b**2 - 5*b + 1. Let l be n(5). Suppose -l = 3*m + 2*a, -5*m - 1 = 4*a - 0*a. What is the units digit of 2/(-2) - 2/m?
1
What is the units digit of (6/(-3))/((-1)/16)?
2
Suppose -2*v - 4*h + 2 = 0, 2 = -4*h + 2*h. Suppose -3*m - 9 = -5*w, 0 = v*m - 5*m + 4. Suppose -a + 30 = 2*a + t, 0 = 